 the highest common divisor of 4 and l?
2
Suppose -4*i - 2*g = -326, 0 = i + 3*g + 4 - 93. Let n be (-7)/(-3 + 6 - 2). Let s = n - -39. What is the highest common factor of s and i?
16
Let c(z) = z + 4. Let m be c(2). Suppose -7*t + 204 = -3*t - 4*d, -4*t + 183 = 3*d. What is the greatest common factor of m and t?
6
Suppose 2*w + 2*w - 152 = -p, w + p - 35 = 0. Calculate the highest common divisor of 13 and w.
13
Suppose -c = -s + 23, 0*s + 3*c = -5*s + 75. Calculate the highest common factor of 12 and s.
6
Let b(u) = -u**3 - 3*u - 3. Let m = 2 - 5. Let t be b(m). What is the highest common divisor of 22 and t?
11
Let k(h) = -4*h - 3*h - 5*h. Let n be k(-1). Let d(f) = 2*f**2 + 5*f - 4. Let s be d(-8). What is the greatest common divisor of n and s?
12
Let o be (-2)/8 + (-17)/(-4). Let s = 106 + -29. Suppose -5*c - s = -217. Calculate the greatest common divisor of c and o.
4
Let w be 3/(-6) - (-2247)/6. What is the highest common divisor of 34 and w?
34
Suppose 5*m - 2*q = 675, 2*m + 3*q - 89 = 162. What is the highest common divisor of 19 and m?
19
Let u = 29 + 10. What is the highest common factor of 117 and u?
39
Let g(t) = -3*t**2 - 3*t. Let n be g(-4). Let u = 51 - n. What is the greatest common factor of u and 29?
29
Let i = -42 + 46. Calculate the highest common divisor of i and 28.
4
Suppose 6*c - 3*c = 12. Suppose -c*u + 389 = 4*i - 155, 2*i + 5*u = 266. Suppose -5*j + 22 = -i. Calculate the greatest common divisor of 80 and j.
16
Let a = -6 + 16. Suppose -3*h - 4 = -a. Calculate the highest common divisor of 16 and h.
2
Suppose -t = -x - 344 + 23, 4*x = -3*t + 949. Let f be t/5 - (-2)/10. Suppose 12 + 20 = 4*i. Calculate the highest common factor of i and f.
8
Let g(x) = 145*x**2 - 1. Let i be g(-1). What is the greatest common factor of i and 16?
16
Suppose 3*d = -2*s + 44, -s + 60 = 4*d + 2*s. Calculate the greatest common divisor of d and 3.
3
Suppose -2*p - 5 = -u + 16, 0 = 4*u - 2*p - 84. Calculate the highest common factor of u and 84.
21
Let b = 11 - 8. Let t be 2*b/12*4. Let u be -75*(t + 36/(-15)). Calculate the highest common divisor of 6 and u.
6
Let h be -3 - ((-1 - -2) + -12). Calculate the highest common factor of h and 2.
2
Suppose 4*h = -0*h + 68. Let l = 8 + -6. Suppose 0 = -l*a + 46 + 56. What is the greatest common factor of a and h?
17
Suppose -654 = -4*o - 222. Let t(d) = d**2 - 5*d + 6. Let c be 92/16 - (-2)/8. Let w be t(c). What is the highest common divisor of w and o?
12
Suppose -5*h - 5 = -30. Let o = h - 3. Let q(u) = -u + 1. Let i be q(-1). What is the highest common divisor of o and i?
2
Let l be 2/4 + (-35)/(-14). Suppose -g - l*g = f + 13, -g - 16 = -4*f. What is the greatest common factor of f and 33?
3
Let q be (15/(-2))/((-2)/4). Let c = q + -10. Suppose k - 25 = 5*m, c*k - 65 = -3*m - 2*m. What is the highest common divisor of k and 75?
15
Let v be 4/2 + -5 - 36/(-6). Suppose -z + 0 = -1. Let r be (v/5 - z)*-30. What is the highest common factor of 12 and r?
12
Suppose -18 = -h + 2*c, h - 6 + 3 = -3*c. Calculate the highest common factor of 156 and h.
12
Suppose 0*i + 110 = i. Let t(v) = 2*v**2 + 6*v + 1. Let f be t(-4). Suppose 2*c - 11 = f. Calculate the greatest common factor of c and i.
10
Let a = -15 - -50. Let x(t) = t - 8. Let p be x(6). Let u be 2 - (p/1 - 3). What is the greatest common factor of u and a?
7
Let m(w) = 11*w + 4. Let i be m(3). Suppose -3*s + 0*u + 32 = -u, i = 3*s + 4*u. What is the greatest common divisor of s and 77?
11
Let h be 4 - (-3 - -2)/1. Let c = h - 3. What is the highest common divisor of c and 3?
1
Let o be 136/36 + (-4)/(-18). Let c be 1/4 - (-479)/o. What is the highest common factor of c and 15?
15
Suppose 0 = 25*c - 17*c - 208. What is the greatest common divisor of c and 39?
13
Let i(p) = 6*p + 7. Let v be i(7). Let a be ((1 - -13)*-1)/(-2). What is the highest common divisor of v and a?
7
Suppose -6*g = -11*g + 15. Suppose -g*h + 16 = -11. What is the greatest common factor of h and 9?
9
Let v(n) = -n**3 + 11*n**2 - 9*n - 3. Let k be v(10). What is the greatest common factor of 63 and k?
7
Let a be ((-2)/(-1))/((-1)/2). Let z = a - -7. Calculate the highest common divisor of 2 and z.
1
Let p be (-280)/(-36) - (-6)/27. Calculate the highest common factor of p and 24.
8
Let a(p) = -p**2 - 16*p - 20. Let j be a(-9). What is the highest common divisor of 43 and j?
43
Let w = -89 + 130. Let h = 71 - w. What is the greatest common divisor of 6 and h?
6
Let w(z) = z**3 + 7*z**2 + 11*z + 6. Let k be w(-4). Let b(h) = -3*h + 5. Let f be b(-5). What is the highest common factor of f and k?
10
Let c be ((-4)/(-6))/(4/(-6)). Let u = c + 3. What is the greatest common divisor of 8 and u?
2
Suppose 0 = 3*m - o - 3*o - 13, 3*o = 3*m - 15. Calculate the greatest common factor of 49 and m.
7
Let j(f) = -f**3 + 7*f**2 - 6*f - 2. Let m be j(5). Calculate the highest common factor of m and 36.
18
Suppose -q + 4*q - 5*p - 14 = 0, 11 = 2*q - 5*p. What is the highest common divisor of q and 15?
3
Let l(r) be the first derivative of 63*r**4/4 - r**3/3 + r - 1. Let p be l(1). Suppose 0 = -4*d + 5*d - 7. Calculate the greatest common factor of p and d.
7
Let n be (-12)/(-15)*((-354)/(-12) - 7). Suppose 6*t - t - 25 = 0. Suppose -14 - 346 = -t*v. What is the highest common factor of n and v?
18
Let w(l) = -2*l - 1. Suppose 5*i = 5 - 25. Let v be w(i). What is the greatest common divisor of 49 and v?
7
Let h = 44 - 1. What is the greatest common divisor of h and 215?
43
Suppose -37 - 11 = 4*t. Let w = t + 20. Let n be (-3 - -4)*1/1. What is the greatest common divisor of n and w?
1
Suppose 3*a - 16 = 17. What is the highest common factor of 44 and a?
11
Let o(p) = p**3 - 7*p**2 - 10*p + 4. Let l be o(8). Let m = 26 + l. Calculate the greatest common factor of m and 42.
14
Let j(g) = 16*g. Let t be j(1). Calculate the highest common divisor of 176 and t.
16
Suppose 3*l = -9, 0*z + l + 113 = 5*z. What is the highest common divisor of z and 198?
22
Let x = 37 - -28. Calculate the highest common divisor of 26 and x.
13
Let w(n) = -n + 3. Let d be w(0). Suppose 0 = 5*i - d*i - 336. Let g be 1/(-2)*(-8 - i). Calculate the greatest common factor of 8 and g.
8
Suppose 0 = 2*l - 11 - 1. Calculate the highest common factor of 6 and l.
6
Let j be 0 - ((-2)/(-2) + 3). Let n = j - -5. Let s be (8 - 2) + -2 + n. What is the greatest common factor of 5 and s?
5
Suppose 0 = -0*o + o - 8. Let p = 132 + -44. Calculate the highest common divisor of p and o.
8
Let x be 66/(-4)*((-88)/(-24) - 5). Calculate the highest common factor of 2 and x.
2
Let o be 4/8 - (-60)/8. Calculate the highest common divisor of o and 8.
8
Suppose 0 = -f + 3*i + 7 - 2, -15 = -3*f + 4*i. Let z be -2 + f/((-10)/(-92)). Let b = -31 + z. What is the highest common divisor of 26 and b?
13
Let r = 96 - 8. What is the highest common factor of 22 and r?
22
Suppose -2*s + 14 = o, 2*s - 3*o = -2*o + 10. Calculate the greatest common factor of 15 and s.
3
Suppose 3*t - 2*t - 9 = 0. Let m(i) = i + 5. Let a be m(-7). Let x = t + a. Calculate the greatest common factor of x and 63.
7
Suppose w - 176 = -5*x, -3*x - w - 31 = -135. Let o = -80 - -84. Calculate the highest common factor of o and x.
4
Suppose n - 301 = -2*k + 494, 5*n - 807 = -2*k. Calculate the greatest common factor of 36 and k.
36
Let m = 24 - 8. Suppose -2*x + 5*n + 22 + 5 = 0, 5*x - 3*n = 77. Calculate the highest common factor of x and m.
16
Let i be (-3 - -1 - -2) + 3. Suppose 2 = 3*j + q, j + 2 = -3*q - 8. Suppose -i*a - j*a + 35 = 0. What is the greatest common divisor of 21 and a?
7
Suppose 3 = -7*b + 66. Let o be (-1)/(-1) + 5 + 0. What is the highest common divisor of b and o?
3
Let k = -2 + 31. Suppose 0 = -3*y + 2*y + k. Suppose 3*c - 40 = -h, -3*c = 4*h - 5 - y. Calculate the greatest common factor of 126 and c.
14
Let a = -42 - -62. Suppose 0 = -r - 4*f + a, -f - 125 = -5*r + 59. Let n be (-97)/(-4) + (-1)/4. What is the greatest common divisor of n and r?
12
Let x = -80 + 140. What is the highest common divisor of 15 and x?
15
Suppose 0 = 3*s + 15, 45 = 5*f - 5*s - 0*s. Let b be 10 - -2 - (f + -1). Let n(p) = 10*p - 3. Let q be n(3). Calculate the highest common divisor of b and q.
9
Suppose -75 = -5*m - 2*o, -6*m - 2*o = -4*m - 30. Calculate the greates